= -1054*q**3 - 4*q**2 + 28*q + 65. List the prime factors of m(-2).
5, 337
Let b = 103255 + -54150. List the prime factors of b.
5, 7, 23, 61
Let g(t) = 14*t**2 + 9*t - 410. List the prime factors of g(15).
5, 23
Let s = 93 + -91. Suppose -s*q = q - 396. Suppose 0 = -q*l + 133*l - 203. What are the prime factors of l?
7, 29
Let i(h) = -h**3 + 10*h**2 + 16*h + 5. Let a be i(12). What are the prime factors of 239 - 13/(a/(-28))?
5, 47
Suppose 225336 = 23*b - 1397682. List the prime factors of b.
2, 3, 19, 619
Let v be (0 + (-11 - 1))*(-231)/(-132). Let u = v - -9. Let n(c) = -3*c - 19. What are the prime factors of n(u)?
17
Suppose -4*h + 7820 = -4*x, -5*h - 3*x - 1957 = -6*h. List the prime factors of h.
2, 977
Let n = -10987 - -27018. List the prime factors of n.
17, 23, 41
Suppose -28520*c + 49500 = -28515*c. What are the prime factors of c?
2, 3, 5, 11
Suppose -9 = -3*c, -6*c + 102 = q - c. Let r = q + -8. Let o = 120 - r. List the prime factors of o.
41
Suppose -6 + 18 = -3*a. Let u be a/(-4 - 4)*0. List the prime factors of 16/56 + 530/7 + u.
2, 19
Let m = 1074 + -465. Let x = 1022 + m. List the prime factors of x.
7, 233
Let j(f) = 7*f + 22. Let i be j(-3). What are the prime factors of i + 1 - -330 - (-8)/(-2)?
2, 41
Let k = -377 - -367. List the prime factors of k/4 + 44982/28.
2, 401
Let c(l) be the first derivative of -111*l**2 - 31*l + 88. List the prime factors of c(-3).
5, 127
Let w be 72/21 + (-42)/98. Suppose 0 = 7*i - 10*i - 5*r + 3902, -w*r - 2595 = -2*i. What are the prime factors of i?
3, 433
Let w = 16966 - 7618. What are the prime factors of w?
2, 3, 19, 41
Let p be (-2 - -2)*(-3)/6. Suppose -18 + 18 = -8*x. Suppose x*v - 2*v + 172 = p. What are the prime factors of v?
2, 43
Let h(a) = 17 + 29 + 9 - 6*a. Let k be h(9). Let w(z) = 248*z**3 + z**2 - 2*z + 1. What are the prime factors of w(k)?
2, 31
Suppose -39692 + 103901 + 109111 = 14*u. What are the prime factors of u?
2, 5, 619
Let b = 0 - -2. Suppose 0 = 3*x + 3*j - 498, -b*x + j + 514 = x. Suppose 0 = 5*v + 3*w - 612, -2*w - x = -v - 45. What are the prime factors of v?
3, 41
Let m be (180/(-150))/((-3)/1660) - -5. Let z = -226 + m. What are the prime factors of z?
443
Suppose 20*m = 1343 - 443. List the prime factors of m/(-5) + (-11277)/(-9).
2, 311
Let b(d) = 12*d**3 - 19*d**2 + 237*d - 30. List the prime factors of b(11).
2, 5, 13
Let k = 222 + -266. List the prime factors of 1284/15*(-3 + k/(-8)).
2, 107
Suppose 0 = -19*a - 2407 + 13218. Let m = a + -221. List the prime factors of m.
2, 3, 29
Suppose -17*r = -1901 - 955. Suppose 19*f - 23*f = -r. What are the prime factors of f?
2, 3, 7
Let l(n) = 30*n**2 + 3*n - 3. Let z(w) = -w**3 - 5*w**2 + 16*w + 57. Let p be z(-6). What are the prime factors of l(p)?
2, 3, 43
Suppose 2822 = 5*v + a, 5*v - 5*a - 2906 + 66 = 0. Let z = 968 - v. What are the prime factors of z?
13, 31
Let l(k) = -k**3 - 13*k**2 - 13*k + 3. Let f(h) = -h**3 + 23*h**2 - 23*h - 23. Let x be f(22). Let a = -58 - x. What are the prime factors of l(a)?
2, 43
Suppose -40*r + 408 = -46*r. Let j = r - -100. What are the prime factors of j?
2
Let d(o) = -4*o**3 - o**2 + 82*o + 444. List the prime factors of d(-6).
2, 3, 5, 13
Let v = 11 - 8. Let y be v - -2 - (1 - -2). Suppose -38 - 278 = -y*j. List the prime factors of j.
2, 79
Let x = -57 + -633. List the prime factors of (-4)/(2*6/x).
2, 5, 23
Let t = 2652 - 321. List the prime factors of t.
3, 7, 37
Let i(z) = -6*z**3 + 27*z**2 - 9*z - 25. What are the prime factors of i(-8)?
37, 131
Suppose -2*h + 140 = 3*h. Suppose -3*j - 8 = -4*j. Let y = j + h. What are the prime factors of y?
2, 3
Let g(u) = u**3 + 39*u**2 - 41*u + 5. List the prime factors of g(-34).
3, 2393
Suppose -14*r - 68*r + 62130 = 13*r. List the prime factors of r.
2, 3, 109
Let i be (16*5 - 1)/(2/6). Suppose 2*j - 29 = -t + 208, -t - 3*j = -i. List the prime factors of t.
3, 79
Let g be 1*3*8/12. Suppose 0 = -0*b + b - g. Suppose 4*k - 15 = -r, -4*k + 18 = b*r - 8*k. What are the prime factors of r?
11
Let r = 184 - 180. List the prime factors of (-2 + r + (-6)/(-4))*82.
7, 41
Suppose 5*l + 5 = 0, 141*l - 136*l = 5*j - 34230. List the prime factors of j.
5, 37
Suppose 0 = 3*j + g - 188, 2*j = -3*j - 4*g + 311. Suppose r - 10*r = -j. Let m(i) = 19*i + 39. List the prime factors of m(r).
2, 43
Let n = 33120 + -19483. List the prime factors of n.
13, 1049
Suppose -3*p + 6*m = m + 7, -3*p - 9 = -3*m. What are the prime factors of (-2421)/(-6) - ((-54)/p)/9?
2, 3, 67
Let l(p) = 421*p + 2188. List the prime factors of l(28).
2, 1747
Let k = -10486 - -17017. List the prime factors of k.
3, 7, 311
Let w = 735 - -787. Let r = -871 + w. List the prime factors of r.
3, 7, 31
Suppose 2 = -10*r + 22. Suppose -2*x = r*c - 614, -24*c + 29*c = x + 1529. List the prime factors of c.
2, 3, 17
Let y be (-18 + 20)/(4/(-1934)). Let p = 1693 + y. What are the prime factors of p?
2, 3, 11
Suppose -13*l = -106 + 769. Let o = l - -53. What are the prime factors of (-696)/(-3) - 2/o?
3, 7, 11
Suppose 4*w + 7*j - 21412 = 13*j, 2*w + j = 10690. What are the prime factors of w?
5347
Let z = 75341 + -49986. What are the prime factors of z?
5, 11, 461
Suppose 3*n - 24 = -4*f, -5*f + 3 = 2*n - 5*n. Let c(l) = -l**f + 15*l - 5*l**2 + 13 + 4 + 8 - 9. What are the prime factors of c(-7)?
3
Let y be 6/(-15) - (-3)/(-5). Let f be (-1)/(-1 + y)*0. List the prime factors of -11*(-11 + f + 1).
2, 5, 11
List the prime factors of 0 - (-9)/12 - (8 - 1325010/40).
2, 29, 571
Let j(f) be the second derivative of f**4/12 - 2*f**3 - 15*f**2/2 + 2*f - 63. Suppose 0*g = 5*g + 60. List the prime factors of j(g).
3, 7, 13
Let t(u) be the first derivative of -7*u**2/2 - 2*u - 16. Let x be t(-9). Let d = 95 - x. List the prime factors of d.
2, 17
Suppose -16*a = -11*a - 5. Let m(o) = 4*o**2 + o + 16. Let v(w) = -w**2 + w + 1. Let n(c) = a*m(c) + 3*v(c). List the prime factors of n(-11).
2, 3
Let q be 1/(-9) - (-231348)/351. Suppose -4*n = -5*a - 1321, 9*a - 6*a = 2*n - q. List the prime factors of n.
2, 167
Let v = -6377 + 11076. What are the prime factors of v?
37, 127
Let a = 81921 + -49282. What are the prime factors of a?
127, 257
Let q(h) = -h**3 + 10*h**2 - 6*h - 18. Let j be q(9). Suppose 6*w - j*w - 661 = 2*n, 440 = -2*w - 2*n. Let z = w + 373. List the prime factors of z.
2, 19
Let o(c) = -4*c**3 - c**2 + 6*c - 5. Let y be o(-5). Suppose 288 = -21*i + 20*i - 4*p, i + 323 = 3*p. Let j = y + i. List the prime factors of j.
2, 3, 11
Let z be (-85)/(-10) - (-2)/(-4). Suppose -z*s = -279 - 1993. What are the prime factors of s?
2, 71
Let n(a) = 17*a**3 + 2*a**2 - 5*a. Let y be n(3). Suppose c + 4*d = y, -4*c + 971 + 844 = 5*d. List the prime factors of c.
2, 3, 5
Let y = -42 + -1141. Let j = y - -1830. What are the prime factors of j?
647
Suppose 0 = -2*s - 175 + 539. Let m = -154 + 93. Let p = m + s. What are the prime factors of p?
11
Suppose 9*r - 168 = -51. Let v = 35 - r. Suppose 19*z = v*z - 291. What are the prime factors of z?
97
What are the prime factors of ((-4)/6 + (3 - 5))*(-15162120)/808?
2, 3, 5, 139
Suppose 2*i + 1355 - 168 = 3*h, -5*h + 4*i + 1975 = 0. Let q = 1163 - h. List the prime factors of q.
2, 191
Suppose 3*x + 4*x - 14 = 0. Let b(u) = u - 2. Let g be b(x). Suppose -4*t - 513 = -3*s - 2*s, 4*t - 12 = g. What are the prime factors of s?
3, 5, 7
Let t = -14897 - -29416. List the prime factors of t.
14519
Let y = 17888 - 7339. What are the prime factors of y?
7, 11, 137
Suppose 0*c + 21328 = 3*n - 4*c, c + 21343 = 3*n. What are the prime factors of n?
2, 3, 593
Let r(x) = -2*x**2 + 3*x + 9. Let y be r(8). Let v = y - -302. What are the prime factors of v?
3, 23
Let x = -1425 + 905. Suppose 4*v + v - 5 = 0. List the prime factors of (11*v)/((-8)/x*5).
11, 13
Suppose 92746 = 4*l + 4*t - 10*t, l = 2*t + 23183. List the prime factors of l.
23197
Suppose -3*w + 28890 = -2*c, 4*w - 7527 - 30992 = 3*c. List the prime factors of w.
2, 7, 43
Let a = 189 - 180. Suppose 5*b - 1062 = -d, 4*d - a*b = -13*b + 4312. What are the prime factors of d?
2, 541
Let q(r) = 4*r**3 + 4*r**2 + 2*r - 2. Let x be q(3). Suppose -72*m = -38*m. Suppose -b - 1 = m, 3*b + 539 + x = 4*l. List the prime factors of l.
3, 19
Let n(o) = -2*o**2 + 35*o + 14. Let t be n(18). Let k be (-14)/(-35) - 